{"id":2848,"date":"2025-04-08T13:42:48","date_gmt":"2025-04-08T18:42:48","guid":{"rendered":"https:\/\/culturaaduanera.com\/tienda\/?post_type=product&#038;p=2848"},"modified":"2026-02-03T15:49:36","modified_gmt":"2026-02-03T21:49:36","slug":"derecho-aduanero-mexicano-t2","status":"publish","type":"product","link":"https:\/\/culturaaduanera.com\/tienda\/producto\/derecho-aduanero-mexicano-t2\/","title":{"rendered":"Derecho Aduanero Mexicano 2.\u00aa Edici\u00f3n Tomo II &#8211; Reg\u00edmenes, tributaci\u00f3n, despacho, procedimientos, infracciones, delitos y medios de defensa"},"content":{"rendered":"<p><strong>Derecho Aduanero Mexicano 2.\u00aa Edici\u00f3n Tomo II<\/strong><\/p>\n<p><strong>Reg\u00edmenes, tributaci\u00f3n, despacho, procedimientos, infracciones, delitos y medios de defensa<\/strong><\/p>\n<p>En el t\u00edtulo primero se exponen los conceptos generales, principios, normas internacionales y fundamentos doctrinales de los Reg\u00edmenes Aduaneros, as\u00ed como el an\u00e1lisis detallado de las disposiciones operativas establecidas en la legislaci\u00f3n aduanera.<br \/>\nEl t\u00edtulo segundo, la Tributaci\u00f3n Aduanera, incluye el estudio exhaustivo de los conceptos tributarios; los impuestos al comercio exterior y otras contribuciones que inciden en el comercio exterior, as\u00ed como la clasificaci\u00f3n arancelaria y la valoraci\u00f3n aduanera.<br \/>\nEl t\u00edtulo tercero incluye el estudio del Procedimiento Aduanero y sus diversas clases, como el despacho aduanero, los de autorizaciones y concesiones; patentes de agentes aduanales, consultas y la determinaci\u00f3n de contribuciones omitidas, la imposici\u00f3n de sanciones y la p\u00e9rdida de propiedad de las mercanc\u00edas, entre otros.<br \/>\nEl t\u00edtulo cuarto est\u00e1 dedicado al an\u00e1lisis de las Infracciones y Delitos Aduaneros y los temas con ellos relacionados, como son la responsabilidad, las sanciones y el marco sancionatorio y penal de la legislaci\u00f3n mexicana.<br \/>\nEn el t\u00edtulo quinto, Fase Contenciosa Aduanera, abarca el estudio del recurso de revocaci\u00f3n, el juicio contencioso administrativo y el juicio de amparo, como medios de defensa de los particulares frente a los actos y resoluciones de las autoridades aduaneras.<br \/>\nPor su completo y actualizado contenido, es una obra imprescindible para los estudiosos y de consulta \u00fatil para los expertos profesionales en la materia.<\/p>\n","protected":false},"excerpt":{"rendered":"<p>Derecho Aduanero Mexicano 2.\u00aa Edici\u00f3n Tomo II Reg\u00edmenes, tributaci\u00f3n, despacho, procedimientos, infracciones, delitos y medios de defensa En el t\u00edtulo primero se exponen los conceptos generales, principios, normas internacionales y fundamentos doctrinales de los Reg\u00edmenes Aduaneros, as\u00ed como el an\u00e1lisis detallado de las disposiciones operativas establecidas en la legislaci\u00f3n aduanera. El t\u00edtulo segundo, la Tributaci\u00f3n Aduanera, incluye el estudio exhaustivo de los conceptos tributarios; los impuestos al comercio exterior y otras contribuciones que inciden en el comercio exterior, as\u00ed como la clasificaci\u00f3n arancelaria y la valoraci\u00f3n aduanera. El t\u00edtulo tercero incluye el estudio del Procedimiento Aduanero y sus diversas clases, como el despacho aduanero, los de autorizaciones y concesiones; patentes de agentes aduanales, consultas y la determinaci\u00f3n de contribuciones omitidas, la imposici\u00f3n de sanciones y la p\u00e9rdida de propiedad de las mercanc\u00edas, entre otros. El t\u00edtulo cuarto est\u00e1 dedicado al an\u00e1lisis de las Infracciones y Delitos Aduaneros y los temas con ellos relacionados, como son la responsabilidad, las sanciones y el marco sancionatorio y penal de la legislaci\u00f3n mexicana. En el t\u00edtulo quinto, Fase Contenciosa Aduanera, abarca el estudio del recurso de revocaci\u00f3n, el juicio contencioso administrativo y el juicio de amparo, como medios de defensa de los particulares frente a los actos y resoluciones de las autoridades aduaneras. Por su completo y actualizado contenido, es una obra imprescindible para los estudiosos y de consulta \u00fatil para los expertos profesionales en la materia.<\/p>\n","protected":false},"featured_media":2846,"comment_status":"open","ping_status":"closed","template":"","meta":[],"product_brand":[],"product_cat":[95,297,94,296],"product_tag":[187,280],"class_list":{"0":"post-2848","1":"product","2":"type-product","3":"status-publish","4":"has-post-thumbnail","6":"product_cat-comercio-exterior","7":"product_cat-descuentos-ml","8":"product_cat-leyes","9":"product_cat-mes-del-libro","10":"product_tag-derecho-aduanero","11":"product_tag-derecho-aduanero-mexicano","13":"first","14":"instock","15":"shipping-taxable","16":"purchasable","17":"product-type-simple"},"_links":{"self":[{"href":"https:\/\/culturaaduanera.com\/tienda\/wp-json\/wp\/v2\/product\/2848","targetHints":{"allow":["GET"]}}],"collection":[{"href":"https:\/\/culturaaduanera.com\/tienda\/wp-json\/wp\/v2\/product"}],"about":[{"href":"https:\/\/culturaaduanera.com\/tienda\/wp-json\/wp\/v2\/types\/product"}],"replies":[{"embeddable":true,"href":"https:\/\/culturaaduanera.com\/tienda\/wp-json\/wp\/v2\/comments?post=2848"}],"wp:featuredmedia":[{"embeddable":true,"href":"https:\/\/culturaaduanera.com\/tienda\/wp-json\/wp\/v2\/media\/2846"}],"wp:attachment":[{"href":"https:\/\/culturaaduanera.com\/tienda\/wp-json\/wp\/v2\/media?parent=2848"}],"wp:term":[{"taxonomy":"product_brand","embeddable":true,"href":"https:\/\/culturaaduanera.com\/tienda\/wp-json\/wp\/v2\/product_brand?post=2848"},{"taxonomy":"product_cat","embeddable":true,"href":"https:\/\/culturaaduanera.com\/tienda\/wp-json\/wp\/v2\/product_cat?post=2848"},{"taxonomy":"product_tag","embeddable":true,"href":"https:\/\/culturaaduanera.com\/tienda\/wp-json\/wp\/v2\/product_tag?post=2848"}],"curies":[{"name":"wp","href":"https:\/\/api.w.org\/{rel}","templated":true}]}}