{"id":2767,"date":"2024-12-20T16:54:13","date_gmt":"2024-12-20T22:54:13","guid":{"rendered":"https:\/\/culturaaduanera.com\/tienda\/?post_type=product&#038;p=2767"},"modified":"2026-04-07T16:49:49","modified_gmt":"2026-04-07T21:49:49","slug":"ligie2025","status":"publish","type":"product","link":"https:\/\/culturaaduanera.com\/tienda\/producto\/ligie2025\/","title":{"rendered":"Ley de los Impuestos Generales de Importaci\u00f3n y Exportaci\u00f3n 2025"},"content":{"rendered":"<p><strong>Caracter\u00edsticas:<\/strong> <strong>\u00a0<\/strong><\/p>\n<p><strong>-Conforme a la S\u00e9ptima Enmienda de la OMA.<\/strong><\/p>\n<p><strong>-Notas Nacionales.<\/strong><\/p>\n<p><strong>-N\u00fameros de Identificaci\u00f3n Comercial (NICO).<\/strong><\/p>\n<p><strong>-Anotaciones de los NICO.<\/strong><\/p>\n<p><strong>-Notas de subpartida.<\/strong><\/p>\n<p><strong>-Notas de secci\u00f3n.<\/strong><\/p>\n<p><strong>-Notas de cap\u00edtulo.<\/strong><\/p>\n<p><strong>-Actualizaciones electr\u00f3nicas durante todo el 2025.<\/strong> \u00a0 <strong>\u00a0<\/strong><\/p>\n<p><strong>Totalmente actualizada al 31 de diciembre de 2024. Incluye, entre otras, importantes actualizaciones:<\/strong> <strong>\u00a0<\/strong><\/p>\n<p><strong>*DOF 8 de mayo de 2024.<\/strong> <strong>Decreto por el que se reforman el diverso por el que se modifica la Tarifa de la Ley de los Impuestos Generales de Importaci\u00f3n y de Exportaci\u00f3n, y el Decreto por el que se exenta el pago de arancel de importaci\u00f3n y se otorgan facilidades administrativas a diversas mercanc\u00edas de la canasta b\u00e1sica y de consumo b\u00e1sico de las familias.<\/strong><\/p>\n<p><strong>\u00a0<\/strong><strong>*DOF 19 de diciembre de 2024.<\/strong> <strong>Decreto por el que se modifica la tarifa de la Ley de los Impuestos Generales de Importaci\u00f3n y de Exportaci\u00f3n y el Decreto para el Fomento de la Industria Manufacturera, Maquiladora y de Servicios de Exportaci\u00f3n.<\/strong><\/p>\n<p><strong>*DOF 31 de diciembre de 2024.<\/strong> <strong>Decreto por el que se modifica el diverso por el que se exenta el pago de arancel de importaci\u00f3n y se otorgan facilidades administrativas a diversas mercanc\u00edas de la canasta b\u00e1sica y de consumo b\u00e1sico de las familias.<\/strong><\/p>\n","protected":false},"excerpt":{"rendered":"<p>Caracter\u00edsticas: \u00a0 -Conforme a la S\u00e9ptima Enmienda de la OMA. -Notas Nacionales. -N\u00fameros de Identificaci\u00f3n Comercial (NICO). -Anotaciones de los NICO. -Notas de subpartida. -Notas de secci\u00f3n. -Notas de cap\u00edtulo. -Actualizaciones electr\u00f3nicas durante todo el 2025. \u00a0 \u00a0 Totalmente actualizada al 31 de diciembre de 2024. Incluye, entre otras, importantes actualizaciones: \u00a0 *DOF 8 de mayo de 2024. Decreto por el que se reforman el diverso por el que se modifica la Tarifa de la Ley de los Impuestos Generales de Importaci\u00f3n y de Exportaci\u00f3n, y el Decreto por el que se exenta el pago de arancel de importaci\u00f3n y se otorgan facilidades administrativas a diversas mercanc\u00edas de la canasta b\u00e1sica y de consumo b\u00e1sico de las familias. \u00a0*DOF 19 de diciembre de 2024. Decreto por el que se modifica la tarifa de la Ley de los Impuestos Generales de Importaci\u00f3n y de Exportaci\u00f3n y el Decreto para el Fomento de la Industria Manufacturera, Maquiladora y de Servicios de Exportaci\u00f3n. *DOF 31 de diciembre de 2024. Decreto por el que se modifica el diverso por el que se exenta el pago de arancel de importaci\u00f3n y se otorgan facilidades administrativas a diversas mercanc\u00edas de la canasta b\u00e1sica y de consumo b\u00e1sico de las familias.<\/p>\n","protected":false},"featured_media":2747,"comment_status":"open","ping_status":"closed","template":"","meta":[],"product_brand":[],"product_cat":[95,297,94,296],"product_tag":[133,138,136,137,135],"class_list":{"0":"post-2767","1":"product","2":"type-product","3":"status-publish","4":"has-post-thumbnail","6":"product_cat-comercio-exterior","7":"product_cat-descuentos-ml","8":"product_cat-leyes","9":"product_cat-mes-del-libro","10":"product_tag-leyes-de-comercio","11":"product_tag-ligie-7a-enmienda","12":"product_tag-ligie-comercio-exterior","13":"product_tag-ligie-oma","14":"product_tag-tarifa-arancelaria","16":"first","17":"instock","18":"sale","19":"shipping-taxable","20":"purchasable","21":"product-type-simple"},"_links":{"self":[{"href":"https:\/\/culturaaduanera.com\/tienda\/wp-json\/wp\/v2\/product\/2767","targetHints":{"allow":["GET"]}}],"collection":[{"href":"https:\/\/culturaaduanera.com\/tienda\/wp-json\/wp\/v2\/product"}],"about":[{"href":"https:\/\/culturaaduanera.com\/tienda\/wp-json\/wp\/v2\/types\/product"}],"replies":[{"embeddable":true,"href":"https:\/\/culturaaduanera.com\/tienda\/wp-json\/wp\/v2\/comments?post=2767"}],"wp:featuredmedia":[{"embeddable":true,"href":"https:\/\/culturaaduanera.com\/tienda\/wp-json\/wp\/v2\/media\/2747"}],"wp:attachment":[{"href":"https:\/\/culturaaduanera.com\/tienda\/wp-json\/wp\/v2\/media?parent=2767"}],"wp:term":[{"taxonomy":"product_brand","embeddable":true,"href":"https:\/\/culturaaduanera.com\/tienda\/wp-json\/wp\/v2\/product_brand?post=2767"},{"taxonomy":"product_cat","embeddable":true,"href":"https:\/\/culturaaduanera.com\/tienda\/wp-json\/wp\/v2\/product_cat?post=2767"},{"taxonomy":"product_tag","embeddable":true,"href":"https:\/\/culturaaduanera.com\/tienda\/wp-json\/wp\/v2\/product_tag?post=2767"}],"curies":[{"name":"wp","href":"https:\/\/api.w.org\/{rel}","templated":true}]}}