{"id":2371,"date":"2024-04-17T18:45:59","date_gmt":"2024-04-17T23:45:59","guid":{"rendered":"https:\/\/culturaaduanera.com\/tienda\/?post_type=product&#038;p=2371"},"modified":"2026-01-29T16:40:35","modified_gmt":"2026-01-29T22:40:35","slug":"derecho-administrativo","status":"publish","type":"product","link":"https:\/\/culturaaduanera.com\/tienda\/producto\/derecho-administrativo\/","title":{"rendered":"Derecho Administrativo"},"content":{"rendered":"<h2>Descripci\u00f3n<\/h2>\n<p>La presente obra va dirigida a aquellas personas que desean realizar sus primeros acercamientos al estudio y an\u00e1lisis del Derecho Administrativo. Pretendemos que este libro logre que tantos estudiantes, profesores y abogados postulantes encuentren un texto \u00fatil, de f\u00e1cil lectura y gran soporte bibliogr\u00e1fico que los introduzca en esta rama jur\u00eddica tan amplia.<\/p>\n<p>Asimismo, y derivado del contexto sociopol\u00edtico que vivimos actualmente, el presente libro es fundamental a la hora de forjar las bases de un Estado con apego a un sistema jur\u00eddico que garantice el debido respeto y observancia de las prerrogativas de cada individuo, lo que puede traducirse en garant\u00edas a favor de cada persona al conocer los l\u00edmites jur\u00eddicos de las actuaciones que realiza el Estado. Esto s\u00f3lo podr\u00e1 ser posible en la medida en la que compren- damos esta asignatura toda vez que, como veremos m\u00e1s adelante, dicha rama jur\u00eddica se encarga de regular la funci\u00f3n administrativa que efect\u00faa el Estado<\/p>\n","protected":false},"excerpt":{"rendered":"<p>Descripci\u00f3n La presente obra va dirigida a aquellas personas que desean realizar sus primeros acercamientos al estudio y an\u00e1lisis del Derecho Administrativo. Pretendemos que este libro logre que tantos estudiantes, profesores y abogados postulantes encuentren un texto \u00fatil, de f\u00e1cil lectura y gran soporte bibliogr\u00e1fico que los introduzca en esta rama jur\u00eddica tan amplia. Asimismo, y derivado del contexto sociopol\u00edtico que vivimos actualmente, el presente libro es fundamental a la hora de forjar las bases de un Estado con apego a un sistema jur\u00eddico que garantice el debido respeto y observancia de las prerrogativas de cada individuo, lo que puede traducirse en garant\u00edas a favor de cada persona al conocer los l\u00edmites jur\u00eddicos de las actuaciones que realiza el Estado. Esto s\u00f3lo podr\u00e1 ser posible en la medida en la que compren- damos esta asignatura toda vez que, como veremos m\u00e1s adelante, dicha rama jur\u00eddica se encarga de regular la funci\u00f3n administrativa que efect\u00faa el Estado<\/p>\n","protected":false},"featured_media":2372,"comment_status":"open","ping_status":"closed","template":"","meta":[],"product_brand":[],"product_cat":[94],"product_tag":[182,183,180,184,181,126],"class_list":{"0":"post-2371","1":"product","2":"type-product","3":"status-publish","4":"has-post-thumbnail","6":"product_cat-leyes","7":"product_tag-carrito-eca","8":"product_tag-cuej","9":"product_tag-derecho-administrativo","10":"product_tag-derecho-administrativo-cuej","11":"product_tag-editorial-cultura-aduaner","12":"product_tag-libreria-gutza","14":"first","15":"instock","16":"shipping-taxable","17":"purchasable","18":"product-type-simple"},"_links":{"self":[{"href":"https:\/\/culturaaduanera.com\/tienda\/wp-json\/wp\/v2\/product\/2371","targetHints":{"allow":["GET"]}}],"collection":[{"href":"https:\/\/culturaaduanera.com\/tienda\/wp-json\/wp\/v2\/product"}],"about":[{"href":"https:\/\/culturaaduanera.com\/tienda\/wp-json\/wp\/v2\/types\/product"}],"replies":[{"embeddable":true,"href":"https:\/\/culturaaduanera.com\/tienda\/wp-json\/wp\/v2\/comments?post=2371"}],"wp:featuredmedia":[{"embeddable":true,"href":"https:\/\/culturaaduanera.com\/tienda\/wp-json\/wp\/v2\/media\/2372"}],"wp:attachment":[{"href":"https:\/\/culturaaduanera.com\/tienda\/wp-json\/wp\/v2\/media?parent=2371"}],"wp:term":[{"taxonomy":"product_brand","embeddable":true,"href":"https:\/\/culturaaduanera.com\/tienda\/wp-json\/wp\/v2\/product_brand?post=2371"},{"taxonomy":"product_cat","embeddable":true,"href":"https:\/\/culturaaduanera.com\/tienda\/wp-json\/wp\/v2\/product_cat?post=2371"},{"taxonomy":"product_tag","embeddable":true,"href":"https:\/\/culturaaduanera.com\/tienda\/wp-json\/wp\/v2\/product_tag?post=2371"}],"curies":[{"name":"wp","href":"https:\/\/api.w.org\/{rel}","templated":true}]}}