{"id":1988,"date":"2023-09-22T17:26:21","date_gmt":"2023-09-22T17:26:21","guid":{"rendered":"https:\/\/libreriagutza.com\/?post_type=product&#038;p=1988"},"modified":"2026-03-25T10:54:06","modified_gmt":"2026-03-25T16:54:06","slug":"nuevo-modelo-policial-impreso","status":"publish","type":"product","link":"https:\/\/culturaaduanera.com\/tienda\/producto\/nuevo-modelo-policial-impreso\/","title":{"rendered":"Nuevo Modelo Policial"},"content":{"rendered":"<p>Sandra Regina Hern\u00e1ndez Zetina<\/p>\n<p>\u201cEl estado, entendido en amplio sentido, tiene la obligaci\u00f3n de ser el garante de la seguridad p\u00fablica y es el responsable de conservar el orden y la paz sociales, para que los individuos puedan dirigir sus esfuerzos hacia el desarrollo y crecimiento del pa\u00eds, sin temores ni preocupaciones a ser agredidos, atacados o despose\u00eddos, o, habiendo sido v\u00edctima de ello, existan mecanismos que aseguren castigo o represi\u00f3n legitima al causante, por lo que en la presente obra se analizar\u00e1 la actuaci\u00f3n de los cuerpos de seguridad como actor principal de la investigaci\u00f3n en el proceso penal acusatorio.\u201d<\/p>\n","protected":false},"excerpt":{"rendered":"<p>Sandra Regina Hern\u00e1ndez Zetina \u201cEl estado, entendido en amplio sentido, tiene la obligaci\u00f3n de ser el garante de la seguridad p\u00fablica y es el responsable de conservar el orden y la paz sociales, para que los individuos puedan dirigir sus esfuerzos hacia el desarrollo y crecimiento del pa\u00eds, sin temores ni preocupaciones a ser agredidos, atacados o despose\u00eddos, o, habiendo sido v\u00edctima de ello, existan mecanismos que aseguren castigo o represi\u00f3n legitima al causante, por lo que en la presente obra se analizar\u00e1 la actuaci\u00f3n de los cuerpos de seguridad como actor principal de la investigaci\u00f3n en el proceso penal acusatorio.\u201d<\/p>\n","protected":false},"featured_media":1989,"comment_status":"open","ping_status":"closed","template":"","meta":[],"product_brand":[],"product_cat":[107,102],"product_tag":[301],"class_list":{"0":"post-1988","1":"product","2":"type-product","3":"status-publish","4":"has-post-thumbnail","6":"product_cat-juridicos","7":"product_cat-libros","8":"product_tag-nuevo-modelo-policial","10":"first","11":"instock","12":"shipping-taxable","13":"purchasable","14":"product-type-simple"},"_links":{"self":[{"href":"https:\/\/culturaaduanera.com\/tienda\/wp-json\/wp\/v2\/product\/1988","targetHints":{"allow":["GET"]}}],"collection":[{"href":"https:\/\/culturaaduanera.com\/tienda\/wp-json\/wp\/v2\/product"}],"about":[{"href":"https:\/\/culturaaduanera.com\/tienda\/wp-json\/wp\/v2\/types\/product"}],"replies":[{"embeddable":true,"href":"https:\/\/culturaaduanera.com\/tienda\/wp-json\/wp\/v2\/comments?post=1988"}],"wp:featuredmedia":[{"embeddable":true,"href":"https:\/\/culturaaduanera.com\/tienda\/wp-json\/wp\/v2\/media\/1989"}],"wp:attachment":[{"href":"https:\/\/culturaaduanera.com\/tienda\/wp-json\/wp\/v2\/media?parent=1988"}],"wp:term":[{"taxonomy":"product_brand","embeddable":true,"href":"https:\/\/culturaaduanera.com\/tienda\/wp-json\/wp\/v2\/product_brand?post=1988"},{"taxonomy":"product_cat","embeddable":true,"href":"https:\/\/culturaaduanera.com\/tienda\/wp-json\/wp\/v2\/product_cat?post=1988"},{"taxonomy":"product_tag","embeddable":true,"href":"https:\/\/culturaaduanera.com\/tienda\/wp-json\/wp\/v2\/product_tag?post=1988"}],"curies":[{"name":"wp","href":"https:\/\/api.w.org\/{rel}","templated":true}]}}